What are the prime factors of 243660315?
3, 5, 16244021
What are the prime factors of 71681561?
7, 109, 13421
What are the prime factors of 3058775564?
2, 13, 58822607
List the prime factors of 5657233780.
2, 5, 11, 53, 251, 1933
List the prime factors of 970419414.
2, 3, 19, 8512451
List the prime factors of 2596759850.
2, 5, 2593, 20029
List the prime factors of 5816503696.
2, 67, 2137, 2539
List the prime factors of 76188496.
2, 41, 116141
List the prime factors of 49119870.
2, 3, 5, 53, 30893
List the prime factors of 158773846.
2, 7, 11, 17, 60647
What are the prime factors of 494087501?
43, 11490407
List the prime factors of 1209287749.
947, 1276967
What are the prime factors of 139890578?
2, 19, 1367, 2693
What are the prime factors of 1576549493?
1576549493
List the prime factors of 634906496.
2, 7, 708601
List the prime factors of 16206585.
3, 5, 1080439
What are the prime factors of 160794218?
2, 13, 6184393
List the prime factors of 81452965.
5, 11, 31, 43, 101
List the prime factors of 118655892.
2, 3, 37, 229, 389
What are the prime factors of 199118673?
3, 13, 31, 41, 103
What are the prime factors of 360769566?
2, 3, 60128261
List the prime factors of 67065472.
2, 523949
List the prime factors of 35244885.
3, 5, 13, 61, 2963
What are the prime factors of 2535333994?
2, 1601, 791797
What are the prime factors of 18235268?
2, 43, 106019
What are the prime factors of 1740128486?
2, 22807, 38149
What are the prime factors of 118441525?
5, 4737661
What are the prime factors of 161296424?
2, 23, 876611
What are the prime factors of 1014271974?
2, 3, 56348443
List the prime factors of 2956769303.
19, 89, 347, 5039
What are the prime factors of 195383660?
2, 5, 83, 117701
List the prime factors of 938703744.
2, 3, 11, 74077
List the prime factors of 47768623.
7, 17, 401417
List the prime factors of 1288892109.
3, 443, 969821
List the prime factors of 1891655717.
7, 5039, 53629
What are the prime factors of 373559681?
11, 137, 487, 509
What are the prime factors of 103919606?
2, 7, 17, 37, 11801
What are the prime factors of 269757887?
7, 17, 109, 2971
List the prime factors of 3325492112.
2, 207843257
What are the prime factors of 223087020?
2, 3, 5, 13, 286009
What are the prime factors of 1505693267?
13, 97, 1194047
What are the prime factors of 3233594505?
3, 5, 215572967
What are the prime factors of 15599735?
5, 73, 79, 541
List the prime factors of 2053326136.
2, 809, 317263
What are the prime factors of 20738036?
2, 11, 643, 733
What are the prime factors of 5404495179?
3, 1801498393
What are the prime factors of 25527645?
3, 5, 11, 13, 3967
What are the prime factors of 202788680?
2, 5, 797, 6361
List the prime factors of 1701452379.
3, 11, 2963, 17401
List the prime factors of 247192032.
2, 3, 2574917
What are the prime factors of 7915682660?
2, 5, 47, 8420939
What are the prime factors of 3491820724?
2, 7, 124707883
What are the prime factors of 1254962857?
1254962857
What are the prime factors of 93641497?
1607, 58271
List the prime factors of 51152292.
2, 3, 59, 24083
What are the prime factors of 862010450?
2, 5, 7, 50263
List the prime factors of 305735650.
2, 5, 11, 17, 19, 1721
List the prime factors of 31335531.
3, 10445177
List the prime factors of 43538992.
2, 7, 149, 2609
List the prime factors of 39760251.
3, 43, 308219
List the prime factors of 53140948.
2, 7, 19, 23, 43, 101
What are the prime factors of 31939180?
2, 5, 7, 13, 23, 109
List the prime factors of 243208583.
71, 3425473
What are the prime factors of 250605853?
397, 631249
What are the prime factors of 173544131?
23, 1823, 4139
What are the prime factors of 1850917312?
2, 173, 349, 479
What are the prime factors of 420254377?
107, 3927611
List the prime factors of 67967999.
11, 281, 1999
What are the prime factors of 81613462?
2, 7, 5829533
What are the prime factors of 6351602881?
13, 23, 29, 67
List the prime factors of 36967353.
3, 12322451
List the prime factors of 103123059.
3, 13, 2644181
List the prime factors of 554813543.
179, 3099517
What are the prime factors of 23696992?
2, 11, 23, 2927
List the prime factors of 1418328165.
3, 5, 47, 109, 18457
List the prime factors of 3942522900.
2, 3, 5, 1409, 3109
List the prime factors of 5908887.
3, 47, 61, 229
List the prime factors of 1120363931.
29, 38633239
List the prime factors of 26142322.
2, 73, 179057
What are the prime factors of 533005941?
3, 13, 43, 59, 5387
What are the prime factors of 44043024?
2, 3, 37, 24799
List the prime factors of 518110179.
3, 172703393
What are the prime factors of 4970634737?
54563, 91099
List the prime factors of 89548476.
2, 3, 23, 324451
List the prime factors of 131860647.
3, 3779, 3877
List the prime factors of 144826343.
103, 1406081
What are the prime factors of 67516356?
2, 3, 5626363
List the prime factors of 411891367.
19, 43, 504151
List the prime factors of 90462741.
3, 151, 199697
What are the prime factors of 7204662839?
11, 19, 34472071
List the prime factors of 296275575.
3, 5, 17, 13669
List the prime factors of 516912567.
3, 172304189
What are the prime factors of 17679571?
7, 13, 23, 8447
What are the prime factors of 1187317456?
2, 13, 563, 10139
What are the prime factors of 44086092?
2, 3, 31, 37, 3203
List the prime factors of 607182342.
2, 3, 13, 7784389
List the prime factors of 140364457.
19, 2063, 3581
What are the prime factors of 60567556?
2, 7, 23, 94049
List the prime factors of 1168075.
5, 46723
List the prime factors of 393736800.
2, 3, 5, 164057
What are the prime factors of 58786841?
58786841
What are the prime factors of 51201995?
5, 13, 113, 6971
List the prime factors of 180532773.
3, 23, 67, 4339
What are the prime factors of 825117397?
13, 593, 107033
What are the prime factors of 2854185568?
2, 13, 29, 18199
What are the prime factors of 88059834?
2, 3, 29, 168697
What are the prime factors of 83636932?
2, 1759, 11887
List the prime factors of 9599896.
2, 89, 97, 139
List the prime factors of 47616600.
2, 3, 5, 61, 1301
List the prime factors of 30018850.
2, 5, 31, 107, 181
List the prime factors of 778337683.
778337683
What are the prime factors of 134116724?
2, 7, 684269
List the prime factors of 739260272.
2, 2543, 18169
List the prime factors of 55254408.
2, 3, 11, 53, 359
What are the prime factors of 1663797500?
2, 5, 37, 17987
What are the prime factors of 384659622?
2, 3, 37, 41, 14087
List the prime factors of 47175400.
2, 5, 235877
What are the prime factors of 124265038?
2, 62132519
What are the prime factors of 5338860159?
3, 33427, 53239
List the prime factors of 481747376.
2, 11, 41, 101, 661
What are the prime factors of 74756011?
11, 619, 10979
What are the prime factors of 115782665?
5, 17, 317, 4297
List the prime factors of 40347679.
6337, 6367
List the prime factors of 203212427.
11, 18473857
What are the prime factors of 6767410064?
2, 422963129
List the prime factors of 49993363.
7, 53, 134753
What are the prime factors of 280222885?
5, 56044577
List the prime factors of 3953394542.
2, 1976697271
What are the prime factors of 2145807905?
5, 10589, 40529
List the prime factors of 89128632.
2, 3, 229, 16217
What are the prime factors of 315950765?
5, 13, 173, 28097
What are the prime factors of 327758963?
7, 17, 181, 15217
List the prime factors of 606693091.
199, 3048709
List the prime factors of 283513585.
5, 59, 961063
What are the prime factors of 1085081594?
2, 542540797
List the prime factors of 1345348115.
5, 71, 3789713
List the prime factors of 94680817.
7, 11, 37, 167, 199
List the prime factors of 1213080446.
2, 37, 16392979
What are the prime factors of 19560038?
2, 137, 71387
What are the prime factors of 74604977?
439, 169943
What are the prime factors of 1064745620?
2, 5, 53, 1004477
What are the prime factors of 79017700?
2, 5, 17, 53, 877
List the prime factors of 77586429.
3, 23, 1124441
List the prime factors of 1243841113.
317, 3923789
What are the prime factors of 4319430926?
2, 29, 43, 1731929
What are the prime factors of 225359800?
2, 5, 881, 1279
What are the prime factors of 125896918?
2, 7, 8992637
What are the prime factors of 1375662539?
1151, 1195189
List the prime factors of 1241148636.
2, 3, 7, 13, 18041
What are the prime factors of 10165948?
2, 13, 137, 1427
List 